s the remainder when i is divided by (-279)/(-12) - 1/4?
11
Suppose -562 = 5*x - 4577. Calculate the remainder when x is divided by 266.
5
What is the remainder when 31906/8 + (-302)/1208 is divided by 105?
103
Let n(y) = -25*y - 1286. Calculate the remainder when 335 is divided by n(-52).
13
Suppose 0 = -4*x - 5*a + 1, 2*x - 2*a = 11 + 3. Suppose 0 = 3*k + x*g - 937, 4*k - 5*g = 5*k - 316. What is the remainder when k is divided by 26?
25
Suppose 12*z + 1536 = 36*z. Let x(h) = 1. Let m(y) = 3*y - 5. Let j(i) = -2*m(i) - 18*x(i). What is the remainder when z is divided by j(-5)?
20
Let o(a) be the first derivative of -a**2/2 + 27*a - 11. Let i be o(21). Calculate the remainder when 54 is divided by ((-1)/1)/(i/114)*-1.
16
Suppose -3*t - 37 = -55. Let u(g) = 5*g**2 - 9*g + 5. Suppose -129*d - 57 = -132*d. What is the remainder when u(t) is divided by d?
17
Let c(m) = 23*m**3 - 2*m**2 + 14*m - 10. Calculate the remainder when 4947 is divided by c(1).
22
Let u be 260/(-2)*60/(-15). Suppose -4*q + 85 + 305 = 3*z, 4*z - 3*q - u = 0. Calculate the remainder when z is divided by 11.
9
Suppose -355603 - 165652 = -178*m + 144643. What is the remainder when m is divided by 36?
33
Let h = -29 - -33. Suppose 2*j - 5*j + h*q = 5, -2*j - 4*q = 30. Let p(k) = k**2 - k - 13. What is the remainder when p(j) is divided by 11?
10
Suppose -7*y + 15*y = 792. Suppose 0 = 5*v - 0 - 25. Suppose 5*d + 2*z = 7*z + 35, -v*d + 3*z = -41. Calculate the remainder when y is divided by d.
9
Suppose 0 = -5*g - 24*g + 2958. Calculate the remainder when g is divided by 57.
45
Suppose -54 = -4*q + m + m, m - 21 = -2*q. Let x = 15877 + -15877. Suppose -q*i + 9*i + 111 = x. What is the remainder when 110 is divided by i?
36
Let y(s) = -s**3 + 54*s**2 + 428*s + 48. What is the remainder when 978 is divided by y(61)?
106
Let s(h) = 38*h**2 + 88*h. What is the remainder when s(-4) is divided by 52?
48
Let c = -6448 - 11942. Calculate the remainder when (-3)/(-8) - c/240 is divided by 13.
12
Let g = -4920 + 4975. What is the remainder when 1151 is divided by g?
51
Let v be (3/(-12) - (-21)/4)/1. What is the remainder when 131 + -1*(-5 + (9 - v)) is divided by 7?
6
Suppose 5*y - 8*y = -141. Suppose 18*u + 62*u - 48800 = 0. What is the remainder when u is divided by y?
46
Let u = -5378 + 5524. What is the remainder when 176 is divided by u?
30
Let j = 14 - 14. Suppose p - 66 = -3*w - w, j = 3*p - 6. Calculate the remainder when 43 is divided by w.
11
Let a = 2019 + -2001. Calculate the remainder when 400 is divided by a.
4
Let k(u) = -5*u**2 - 229*u + 78. What is the remainder when 190 is divided by k(-46)?
30
Let o be (-4)/32 + (-1)/(-8). Suppose -d - 2*t + 31 = o, -6*d + 74 = -2*d - 2*t. Suppose 7*k - 3*k = 328. What is the remainder when k is divided by d?
19
Let g = -4119 - -6115. Calculate the remainder when g is divided by 111.
109
Let o(i) = i**2 - 15*i - 15. Let d be 374/(-8) + 69/92. Let l = d + 63. Calculate the remainder when o(l) is divided by 11.
8
Let y(k) = k - 8. Let a be y(8). Suppose 9*w + 306 = -a*w. Let t = w - -57. What is the remainder when 66 is divided by t?
20
Let y(p) = p**2 - 41*p + 168. Let r be y(56). Let b = r + -997. What is the remainder when 72 is divided by b?
6
Let q = 10172 - 9840. Calculate the remainder when q is divided by 24.
20
Suppose 5*h + 24*z = 22*z + 2691, 4*h + z - 2154 = 0. Calculate the remainder when h is divided by 156.
71
Let w(j) = 5*j**2 - 2*j - 4. Let o be w(-3). Let c = 109 - o. Let f = c + -33. What is the remainder when f is divided by 16?
13
Let v(y) = -y**2 + 46*y - 133. Calculate the remainder when 335 is divided by v(41).
47
Let l(b) be the second derivative of -7*b**3/3 + 15*b**2/2 + 95*b. Calculate the remainder when 57 is divided by l(0).
12
What is the remainder when 136 is divided by 25/3*(8/(-6) - (-3182)/645)?
16
Suppose 4*u = -n - 129, -5*u - 162 = -3*n + 12. Let h(i) = i**3 + 32*i**2 - 32*i + 88. What is the remainder when 439 is divided by h(u)?
54
Let h(u) = -265*u**3 - 3*u**2 - 3*u - 1. What is the remainder when 844 is divided by h(-1)?
52
Suppose 5*g - 5207 = 11*d, -3*d + 2780 = 5*g - 2469. Calculate the remainder when g is divided by 183.
133
Let b = -42 + 44. Suppose -b*x + k + 89 = 0, 0*x - 4*x + 163 = -5*k. Calculate the remainder when (30*1)/((-8)/(-24)) is divided by x.
43
Suppose 4*d - 2 = c, 4 = 23*d - 24*d - 2*c. Suppose -b + 36 - 32 = d, -4*u = -5*b - 1136. Calculate the remainder when u is divided by 29.
28
Let p(w) = -w**2 + 5*w + 3. Let q be p(3). Suppose 132 = 2*j + 4*h, -j + h = -72 - 0. Calculate the remainder when 5 is divided by (-6)/q - j/(-15).
1
Suppose 4*m - 27*j = -26*j + 104, -4*m + 108 = -2*j. What is the remainder when 872 is divided by m?
22
Let j(i) = i**2 + 40*i + 42. Let t be j(-35). Let w = t - -148. What is the remainder when 39 is divided by w?
9
Let g(s) = -55*s - 993. What is the remainder when g(-36) is divided by 13?
12
Suppose 3*w - 281 = 17*m - 21*m, -3*m + 370 = 4*w. What is the remainder when w is divided by 572/24 - 3/(-18)?
19
Let a = -39047 - -39908. What is the remainder when a is divided by 60?
21
Suppose -31*v + 12 = -28*v. Suppose 22 = -4*j + v*f + 178, 3*j - 116 = 4*f. Let k(a) = 2*a + 3. Calculate the remainder when j is divided by k(4).
7
Suppose -2*a = -2*r - 3*a + 77, 0 = 2*r + 4*a - 74. Let l(g) = g**2 + 20*g + 89. Calculate the remainder when r is divided by l(-15).
11
Let n = -139 + 123. Calculate the remainder when (n/(-40))/((-2)/(-290)) is divided by 21.
16
What is the remainder when 71 is divided by 2/((-8)/(-84)) + (-1 - (16 + -13))?
3
Suppose -46*h + 48*h - 2 = 0. What is the remainder when (h - 16)/(-5) + 81 is divided by 29?
26
Let r(y) = 10*y**2 - 10*y - 1. Let g be ((-4)/5)/(1*(-6)/15). Calculate the remainder when r(g) is divided by 2.
1
Suppose -33*v - 101*m + 103*m = -447, -2*v + 2*m = -44. What is the remainder when (-38)/((6/4)/(-3)) is divided by v?
11
Suppose -19*u + 155313 = 154857. Calculate the remainder when 2286 is divided by u.
6
Let p(v) = -v**2 - 44*v + 153. What is the remainder when 587 is divided by p(-45)?
47
Suppose -277 = -6*a + 65. Let t = a + -50. Suppose t = -3*o + 67. Calculate the remainder when 70 is divided by o.
10
Let m = 7614 + -7342. What is the remainder when m is divided by 55?
52
Suppose -27*i + 16 = -38. Suppose -34 = -i*z + 60. Let r = 18 - 6. Calculate the remainder when z is divided by r.
11
Suppose -34*m - 1275 = -39*m. Let i = m - 249. Calculate the remainder when (-2)/(-3) - 224/(-6) is divided by i.
2
Suppose 15*b = -221 + 941. What is the remainder when 524 is divided by b?
44
Suppose 8*h - 11*h - 4*o = -523, -5*h + 3*o = -862. Let w = h - 132. Calculate the remainder when 200 is divided by w.
36
Let b(t) = t**2 - 11*t - 11. Let j be b(-8). Let v = -120 + j. What is the remainder when 69 is divided by v?
6
Let f(x) = x + 2. Let n be f(2). Suppose 14*p - 81 = 11*p. Suppose -n*o = -o - p. Calculate the remainder when o is divided by 2.
1
Let w = 8119 - 5995. What is the remainder when w is divided by 131?
28
Suppose -6 = 19*m - 18*m. Let q be (-20)/m*2*(0 - -12). Suppose 0 = -11*k - 25 + q. Calculate the remainder when 16 is divided by k.
1
Let c = 16402 + -15916. What is the remainder when c is divided by 122?
120
Let a(w) = w**2 + 7*w - 26. Let f be a(-10). Calculate the remainder when 147*(9/((-108)/(-16)))/f is divided by 14.
7
Suppose -4*w = -300 - 300. Let y = 181 - w. Calculate the remainder when 82 is divided by y.
20
Let x(q) = 62*q**2 + 183*q - 6. Calculate the remainder when x(-5) is divided by 38.
21
Let c(l) = -l**3 - 106*l**2 + 2*l + 370. Let j(u) = 7*u**2 - 6*u + 8. Calculate the remainder when c(-106) is divided by j(3).
52
Calculate the remainder when ((-2509)/(-3) - -2 - (-156)/234) + 2 is divided by 156.
61
Suppose a - 6 = -3. Let d(k) = 25*k + 1086. What is the remainder when d(-43) is divided by a?
2
Suppose -n + 5*y = -2662 + 2513, -2*y + 311 = 3*n. Calculate the remainder when 762 is divided by n.
108
Suppose 0 = -d + x + 9353, 2*d + 189*x - 18736 = 185*x. Calculate the remainder when d is divided by 52.
50
Let z(w) = 22*w**2 + 3*w - 4. Let s be z(1). Suppose s*k - 24*k + 447 = 0. Calculate the remainder when k is divided by 11.
6
Suppose 8*p - 401 = 671. Let m = p + -95. Calcul